r of 5481 and 145422?
27
Calculate the greatest common factor of 3163555 and 5135.
395
Calculate the greatest common factor of 37002719 and 9295.
169
What is the greatest common factor of 1422043 and 2597?
371
Calculate the highest common factor of 36 and 112072464.
36
What is the greatest common divisor of 1734 and 24981738?
1734
Calculate the greatest common divisor of 27077888 and 133.
19
Calculate the highest common factor of 29 and 2171578.
29
Calculate the highest common divisor of 1189082 and 120581.
697
Calculate the highest common divisor of 900 and 822820.
20
Calculate the highest common divisor of 6868 and 12939716.
404
What is the greatest common divisor of 2948888 and 6528?
136
Calculate the highest common divisor of 536 and 16745864.
8
Calculate the greatest common divisor of 30487 and 491.
1
Calculate the highest common divisor of 2 and 1622585.
1
What is the greatest common divisor of 12418 and 37834098?
1774
Calculate the highest common factor of 63 and 6897338.
7
What is the greatest common factor of 8 and 89289252?
4
What is the highest common divisor of 337839790 and 5380?
2690
Calculate the highest common divisor of 263973908 and 11170.
2234
Calculate the greatest common divisor of 102 and 1152586230.
102
Calculate the greatest common divisor of 3931760 and 476.
476
Calculate the greatest common factor of 98456 and 41416.
248
What is the greatest common divisor of 52 and 49738182?
26
Calculate the highest common factor of 5 and 177989.
1
What is the greatest common divisor of 1722666 and 6165906?
3642
Calculate the greatest common factor of 3572 and 905596.
188
Calculate the greatest common divisor of 8125 and 227487.
13
What is the highest common divisor of 9774368 and 1568?
32
What is the highest common divisor of 1754742 and 2838?
66
What is the greatest common divisor of 81567411 and 153?
51
Calculate the greatest common divisor of 16096 and 429562.
1006
What is the highest common factor of 948 and 1554957?
237
What is the highest common divisor of 3184 and 90798924?
796
Calculate the greatest common factor of 29 and 32470111.
29
Calculate the greatest common divisor of 37797 and 3489.
3
What is the highest common divisor of 430951186 and 3898?
3898
Calculate the greatest common divisor of 8894663 and 16933.
2419
What is the greatest common factor of 1402641 and 63?
9
Calculate the greatest common divisor of 3984 and 1045200.
48
What is the greatest common factor of 1091538 and 3402?
126
Calculate the greatest common factor of 799980 and 9220.
20
Calculate the highest common divisor of 4344 and 166102976.
1448
Calculate the highest common divisor of 9280 and 7794040.
1160
Calculate the highest common divisor of 3318 and 1067714151.
1659
What is the highest common divisor of 9457311 and 4218?
111
Calculate the greatest common factor of 2044 and 4123259.
511
What is the greatest common divisor of 42 and 37304925?
21
Calculate the greatest common factor of 82781775 and 600.
75
What is the greatest common factor of 21644976 and 36?
12
What is the greatest common factor of 100 and 4419850?
50
What is the highest common divisor of 133568 and 332?
4
What is the greatest common factor of 276701 and 148007?
89
What is the highest common divisor of 126869 and 14289?
433
Calculate the highest common divisor of 1652 and 183925.
7
Calculate the highest common divisor of 126953 and 1501.
79
Calculate the highest common divisor of 1651 and 116298.
13
Calculate the greatest common divisor of 1330 and 132792520.
1330
Calculate the highest common factor of 17787775 and 1086.
181
What is the highest common factor of 346265 and 7360?
115
What is the greatest common factor of 13916 and 1628956?
196
What is the highest common divisor of 18389 and 19904779?
2627
What is the greatest common divisor of 27396 and 647319537?
6849
What is the greatest common divisor of 141084 and 30708?
36
What is the highest common divisor of 19800 and 4212120?
1320
Calculate the greatest common factor of 449115365 and 690.
115
Calculate the highest common divisor of 6068900 and 75.
25
What is the greatest common divisor of 402467 and 586729?
4849
Calculate the greatest common factor of 870 and 76458384.
174
Calculate the greatest common factor of 3036 and 6509046.
138
What is the greatest common divisor of 55420 and 4779160?
3260
What is the highest common divisor of 699 and 24993?
3
Calculate the highest common divisor of 5552 and 146920.
8
Calculate the highest common factor of 24311056 and 8.
8
What is the highest common divisor of 2986002 and 190?
38
What is the greatest common divisor of 2264 and 6464003?
283
What is the greatest common factor of 3093 and 15477?
3
What is the greatest common factor of 1440 and 385470?
90
What is the highest common factor of 671548662 and 8046?
2682
Calculate the highest common factor of 4785 and 620070.
165
What is the greatest common factor of 367332 and 924?
84
What is the highest common divisor of 2233 and 163559275?
319
Calculate the highest common divisor of 443948 and 7184378.
5414
Calculate the greatest common divisor of 36902 and 2.
2
Calculate the greatest common divisor of 72002 and 335129.
139
Calculate the greatest common divisor of 318 and 2670126.
6
Calculate the greatest common divisor of 6 and 54342276.
6
What is the highest common divisor of 100265 and 15?
5
Calculate the greatest common factor of 2225106 and 520.
26
What is the highest common factor of 46152 and 75996?
36
Calculate the highest common factor of 2556 and 81612.
36
Calculate the greatest common divisor of 37499 and 641311.
11
Calculate the highest common factor of 1255248 and 78384780.
13644
What is the greatest common factor of 10075 and 411827?
13
What is the highest common divisor of 12 and 49910808?
12
What is the greatest common divisor of 1825 and 39661995?
365
What is the highest common factor of 2384570503 and 623?
623
What is the greatest common divisor of 3933 and 1403?
23
What is the greatest common factor of 15271448 and 713?
23
Calculate the highest common factor of 32910 and 14730.
30
What is the greatest common factor of 406910 and 90?
10
What is the highest common divisor of 2239848 and 7956?
468
What is the highest common divisor of 906734250 and 450?
450
Calculate the greatest common divisor of 390 and 424650.
30
Calculate the greatest common factor of 3999 and 21658863.
93
What is the greatest common divisor of 104556 and 11148?
12
Calculate the highest common divisor of 1350 and 185207094.
54
What is the greatest common divisor of 1340829 and 51?
3
Calculate the highest common divisor of 99 and 6731329.
11
Calculate the greatest common factor of 9167750 and 1000.
250
Calculate the highest common divisor of 60 and 133145130.
30
Calculate the highest common factor of 6 and 441867198.
6
What is the highest common factor of 20704 and 35585?
647
What is the highest common divisor of 840 and 8506200?
120
Calculate the highest common factor of 22018 and 652256.
218
What is the greatest common divisor of 84956004 and 1323?
441
What is the highest common divisor of 82287 and 22523?
223
Calculate the highest common divisor of 3653437 and 766.
383
What is the highest common divisor of 3588 and 118887?
69
Calculate the greatest common factor of 119 and 12652577.
7
What is the highest common factor of 108242996 and 4?
4
Calculate the highest common factor of 514 and 16013927.
257
What is the highest common divisor of 54417518 and 30185?
6037
What is the greatest common divisor of 180 and 86218047?
9
What is the highest common factor of 147 and 624939?
21
Calculate the greatest common divisor of 49 and 156359.
49
What is the greatest common factor of 383333 and 5746?
17
What is the greatest common factor of 12155 and 7828755?
935
Calculate the highest common factor of 470 and 2230430.
10
Calculate the greatest common factor of 1206283 and 468.
13
Calculate the highest common factor of 3647322 and 49.
7
What is the highest common divisor of 749796 and 372?
12
What is the greatest common divisor of 20190 and 145421840?
6730
What is the greatest common divisor of 196 and 25500440?
28
Calculate the highest common divisor of 37 and 1355828.
37
Calculate the greatest common factor of 120405 and 559682.
23
Calculate the highest common fa